)*(-6)/6. Let q(g) = 18*g**3 - 2. What is the tens digit of q(z)?
1
Suppose -4*c = -12, -c = 5*v - 5*c - 23. Suppose -2*g - v = 1. What is the tens digit of (g + -54)*(1 - 2)?
5
Let h(x) = 53*x**3 + 15*x**2 + 19*x - 4. What is the tens digit of h(5)?
9
What is the tens digit of 470238/66 + (-3)/(-33)*2?
2
Let c = -105 + 379. Let u = c - -24. What is the hundreds digit of u?
2
Let f(x) = -10*x**3 + 322*x**2 - 12*x + 64. What is the hundreds digit of f(29)?
6
Suppose -5*u + 0*p - 4*p + 40085 = 0, -24051 = -3*u - 2*p. What is the hundreds digit of u?
0
Suppose 0 = -t + 6*t - m - 26, 5*m = 2*t + 8. Suppose 386 = -5*f - k, 214 = -3*f - t*k + k. Let d = 130 + f. What is the units digit of d?
2
Suppose 42*l = 39*l - 15. What is the tens digit of (-3 + 4)*(l - 1088)*-1?
9
Suppose -2*o + 5*h + 20075 = 0, 420*h = 2*o + 423*h - 20115. What is the ten thousands digit of o?
1
Suppose 1026323 = 57*u - 1235661 - 548743. What is the tens digit of u?
1
What is the hundreds digit of (-15 + -37689)/(-12) - (2 + -1 + -6)?
1
Let v = -244 + 250. Suppose 3*t - p = -v*p + 1111, -3*t + 1095 = -3*p. What is the tens digit of t?
6
What is the units digit of -2*(-28568)/(-12)*(-30)/20?
2
Let w = 17 + -10. What is the units digit of -5*(w - (-4284)/(-30))?
9
Suppose -5*v + y = -54, 24 - 21 = 3*y. What is the hundreds digit of (4390/(-15))/(v/((-165)/10))?
4
Suppose -27666 = -7*t - 6*t + 4*t. What is the tens digit of t?
7
Let s(l) = -13*l**2 - 2*l - 4. Suppose -57*d = -60*d - 9. Let y be s(d). What is the hundreds digit of -3 - (y - 4/1)?
1
Let v = 25201 - 16055. What is the thousands digit of v?
9
Let z(f) = -16*f**2 - 12*f + 39. Let d be z(5). Let g = -225 - d. What is the tens digit of g?
9
Let f be (1 - -1362)/(4/4). Suppose 1439 = 4*x + d, -5*d = 3*x + 288 - f. What is the tens digit of x?
6
Suppose 3 = 4*d + 4*l + 31, -5*l - 20 = 0. What is the tens digit of (-2)/d + (-6185)/(-15)?
1
Let s be (0 - 44)/(-3*(-4)/(-1776)). Suppose 4*c + c + 4*y = s, -4*y - 8 = 0. What is the tens digit of c?
0
Suppose 3*r - 28 = -13. Suppose h = z + 299, -8*z + 1540 = r*h - 4*z. What is the units digit of h?
4
Suppose 0 = 5*u - 66 + 41. Suppose 15*t - 4*g = 11*t + 2680, 0 = t + u*g - 694. What is the units digit of t?
4
Let i(z) = -350*z**3 + 2*z**2 + 47*z + 142. What is the tens digit of i(-3)?
6
Let u(k) = k**3 + 10*k**2 - 44*k - 15. Suppose -6*h + 1 = 79. What is the tens digit of u(h)?
5
Let q be -17*174/(-5) + 100/250. Suppose -q + 64 = -2*x. What is the tens digit of x?
6
Let d = 127 + -437. Suppose -4*q = -2*z + 644, 799 = -5*q + 4*z - 0*z. Let p = q - d. What is the hundreds digit of p?
1
Let m(s) = s**2 - 13*s + 5. Let o be m(15). Suppose 5*b + 5*f = -0*f + o, -3*b + 4*f + 7 = 0. Suppose 0 = -7*y + b*y + 140. What is the tens digit of y?
7
Let s(u) = -23*u - 8. Let a be s(-5). Let t = a + 115. What is the hundreds digit of t?
2
What is the units digit of (87 - 86)/((-6)/(-56430))?
5
Let v(q) = 24*q**2 - 23*q. Suppose 12*j - 10 - 38 = 0. What is the units digit of v(j)?
2
Suppose f = -0*f. Suppose 2*o - p - 737 = 0, 524 = o - 4*p + 166. Suppose -3*g - 2*g + o = f. What is the units digit of g?
4
Let w be (-7)/((-21)/(-12)) - 8. What is the units digit of (-13)/(156/(-800)) - 4/w?
7
Suppose -2*t + 18355 = -3*u, 20509 + 16231 = 4*t + 4*u. What is the hundreds digit of t?
1
What is the ten thousands digit of 507867/41 - -15*1?
1
Let y(w) = -18*w + 9. Let x be y(-2). Suppose 2*p + x = 53. Suppose 8*t - p*t - 268 = 0. What is the units digit of t?
7
Let b(s) = s**2 + 2*s + 1. Let c be b(0). Suppose 0 = 3*p + c - 22. Suppose -p*o + 333 = -500. What is the tens digit of o?
1
Let o(n) = -8*n**2 - 1 + 9*n**2 - 6*n**2 - 42*n**3 + 0 - 5*n. What is the units digit of o(-2)?
5
Suppose -4268 - 6937 = -5*i. Let k be i/(-6)*(32/12)/(-4). Let p = k - 142. What is the tens digit of p?
0
Let t(w) = 7814*w - 40. What is the units digit of t(2)?
8
Let x(k) = -3*k**3 - 26*k**2 + 20*k - 41. Let j be x(-17). Suppose -4*r + 0*y = -2*y - j, 2 = y. What is the thousands digit of r?
1
Suppose 4*i + 399 = 2*m - 197, 4*i + 2*m + 588 = 0. Let l = 390 - i. What is the units digit of l?
8
Suppose 2*d + 52 = -j, 0 = 9*d - 10*d - 5. Let v = 436 - j. What is the units digit of v?
8
Suppose 21*q = 18*q - 6534. Let w = -923 - q. What is the hundreds digit of w?
2
Let v(u) = 6*u**2 + 401*u + 800. What is the tens digit of v(-81)?
8
Let n(l) = 113*l + 63. Let o = -178 + 182. What is the units digit of n(o)?
5
Let n(y) = 5888*y + 3399. What is the units digit of n(4)?
1
Let u = 934 + 1378. Suppose 5*y + 157 = u. What is the hundreds digit of y?
4
What is the ten thousands digit of (-263510)/260*(-11)/(-1)*-6?
6
Let r = 4852 - 1348. Let p(g) = 11*g - 66. Let f be p(7). Suppose f*d - r = -5*d. What is the tens digit of d?
1
Let j = 54 - 7. Suppose 0 = -5*w - j + 627. What is the hundreds digit of (0 + w)*(-22)/(-22)?
1
Let z(t) = -77*t + 239. What is the hundreds digit of z(-163)?
7
Let u(j) = 996*j**2 + 117*j + 591. What is the units digit of u(-5)?
6
Let w = 12647 + -363. What is the units digit of w?
4
Let g be -24*(-5)/10*(-1)/(-3). Suppose 3*v = 0, -g*n + 3*n = 3*v + 79. Let w = n - -293. What is the units digit of w?
4
Suppose q + 5 = 4*p - 4, q = -3*p + 12. Suppose p*a = -2*a + 5*l + 260, -2*a - 2*l + 124 = 0. What is the hundreds digit of 33*a/9 - 2?
2
Let l be (-2440)/(-6)*(-12)/(-5). Suppose a - 5*a = -l. What is the units digit of a?
4
Suppose -74897 - 40753 = -5*y. Suppose -y = -89*n + 74*n. What is the thousands digit of n?
1
Suppose c - 51490 = -8*o + 4*o, 12 = -2*o. What is the tens digit of c?
1
Suppose -11*b + 5*b + 12 = 0. Suppose b = -p - 5*z, 5*p - z + 5*z = 11. Suppose 0*f - 2*y - 158 = -p*f, -f - y = -56. What is the units digit of f?
4
Let x = 51 - 48. Let h = 15 - 15. Suppose 5*q + h*z = -3*z + 314, -x = -z. What is the tens digit of q?
6
Let s(d) = -d**2 - 5*d - 6. Let v(w) = w**2 - 5*w - 28. Let x be v(8). Let g be s(x). What is the tens digit of 20/15*(-45)/g?
3
Let m(q) = 6557*q**2 - 99*q - 101. What is the thousands digit of m(-1)?
6
Let o(c) = -126*c**3 + 11*c**2 - 207*c - 1312. What is the tens digit of o(-6)?
4
Suppose -y = -5*a + 10*a + 3400, 0 = 5*a - 3*y + 3400. Let p = a - -846. What is the tens digit of p?
6
Suppose 49*n - 120 - 76 = 0. Let z = -447 - -1635. What is the tens digit of ((-3)/(-9))/(n/z)?
9
Suppose l + 65 = -5*y - 20, 3*y + 10*l = -51. Let s be 218 + ((-3)/3 - -1). Let n = y + s. What is the tens digit of n?
0
What is the units digit of -7 - 3009036/(-57) - (5 - (-558)/(-114))?
3
Let m = 5603 - -1083. What is the hundreds digit of m?
6
What is the thousands digit of (8/4 - 1)/(4*6/306000)?
2
Suppose 3*q + 1018 = -203. Let n = q - -421. What is the units digit of n?
4
Let v = -221 + 218. Let q(a) = 55*a**2 - a - 4. What is the tens digit of q(v)?
9
Suppose 5*j + 4*w = -16, -5*j + 2*w - 15 + 23 = 0. Suppose j*k = 8*k - 2448. What is the units digit of k?
6
Suppose -250*y - 5*m = -254*y + 28070, -3*m = 7*y - 49099. What is the thousands digit of y?
7
Let i(z) = 5*z**2 + 62*z - 606. What is the hundreds digit of i(-39)?
5
Suppose 4090 = -8*x + 658. Let m = x + 610. What is the tens digit of m?
8
Let w(j) = 2563*j - 1954. What is the tens digit of w(14)?
2
Let t = -19504 + 81435. What is the thousands digit of t?
1
Let n = 40479 + -27214. What is the tens digit of n?
6
Let k(y) = -10*y**2 - 7*y + 5. Let h be k(4). Let q be h - 3/(-6)*-2. Let p = q + 271. What is the units digit of p?
7
Suppose 31*j - 23677 = 276837. What is the tens digit of j?
9
Let w = -355 - -369. What is the tens digit of (w + (-49)/7)*31?
1
Suppose 0 = 28*l - 23*l - 40020. What is the units digit of l?
4
Let b(o) be the first derivative of -o**2/2 + 2*o - 25. Let n be b(-4). Suppose -n*k + 3*k + 57 = 0. What is the tens digit of k?
1
Let a(l) = 2*l**2 + 21*l - 8. Let j be a(-12). What is the hundreds digit of (-112)/(-24)*1284*2/j?
4
Let c(d) = -d**3 + 48*d**2 + 164*d + 240. What is the hundreds digit of c(49)?
8
Let h be 6/1*((-12)/(-8) - 1). Suppose -532 = -s - h*s. Suppose -5*k = -582 - s. What is the hundreds digit of k?
1
Let f = 3736 - -57832. What is the ten thousands digit of f?
6
Let o(a) be the third derivative of -a**6/60 + a**5/3 + 25*a**4/24 + 11*a**3/6 + 68*a**2. What is the units dig